{"id":50422,"date":"2022-01-25T10:06:46","date_gmt":"2022-01-25T09:06:46","guid":{"rendered":"https:\/\/trykot.com\/?post_type=product&#038;p=50422"},"modified":"2024-10-25T15:43:43","modified_gmt":"2024-10-25T13:43:43","slug":"duza-torba-z-worka-wojskowego","status":"publish","type":"product","link":"https:\/\/trykot.com\/index.php\/produkt\/duza-torba-z-worka-wojskowego\/","title":{"rendered":"Du\u017ca torba z worka wojskowego"},"content":{"rendered":"","protected":false},"excerpt":{"rendered":"<p>Torba zosta\u0142a wykonana r\u0119cznie z wojskowego worka transportowego u\u017cywanego w latach 40-tych i 50-tych XX wieku, tkanina: wodoodporny brezent. Torba posiada zachowane oryginalne elementy worka takie jak okucia, przetarcia czy elementy graficzne. Bardzo wytrzyma\u0142a tkanina o w\u0142a\u015bciwo\u015bciach wodoszczelnych. W \u015brodku torby bawe\u0142niana podszewka i praktyczna kieszonka na suwak, ca\u0142o\u015b\u0107 zapinana na suwak. Uszy wykonane z ta\u015bmy wojskowej.<br \/>\nTkanina &#8211; wojskowy brezent wodoodporny.<br \/>\nWymiary (mog\u0105 si\u0119 r\u00f3\u017cni\u0107 w zale\u017cno\u015bci od egzemplarza) wymiary dna torby: 28x24cm, wys. 54cm x szer. 54 cm<\/p>\n<p>Torba gotowa do wysy\u0142ki w 7 dni robocze<\/p>\n<p>Najni\u017csza cena z ostatnich 30 dni to 339z\u0142<\/p>\n","protected":false},"featured_media":50423,"template":"","meta":{"_et_pb_use_builder":"","_et_pb_old_content":"","_et_gb_content_width":""},"product_brand":[],"product_cat":[24,27],"product_tag":[],"class_list":{"0":"post-50422","1":"product","2":"type-product","3":"status-publish","4":"has-post-thumbnail","6":"product_cat-torby","7":"product_cat-unikaty","9":"first","10":"outofstock","11":"shipping-taxable","12":"purchasable","13":"product-type-simple"},"_links":{"self":[{"href":"https:\/\/trykot.com\/index.php\/wp-json\/wp\/v2\/product\/50422","targetHints":{"allow":["GET"]}}],"collection":[{"href":"https:\/\/trykot.com\/index.php\/wp-json\/wp\/v2\/product"}],"about":[{"href":"https:\/\/trykot.com\/index.php\/wp-json\/wp\/v2\/types\/product"}],"wp:featuredmedia":[{"embeddable":true,"href":"https:\/\/trykot.com\/index.php\/wp-json\/wp\/v2\/media\/50423"}],"wp:attachment":[{"href":"https:\/\/trykot.com\/index.php\/wp-json\/wp\/v2\/media?parent=50422"}],"wp:term":[{"taxonomy":"product_brand","embeddable":true,"href":"https:\/\/trykot.com\/index.php\/wp-json\/wp\/v2\/product_brand?post=50422"},{"taxonomy":"product_cat","embeddable":true,"href":"https:\/\/trykot.com\/index.php\/wp-json\/wp\/v2\/product_cat?post=50422"},{"taxonomy":"product_tag","embeddable":true,"href":"https:\/\/trykot.com\/index.php\/wp-json\/wp\/v2\/product_tag?post=50422"}],"curies":[{"name":"wp","href":"https:\/\/api.w.org\/{rel}","templated":true}]}}