{"id":50701,"date":"2022-02-21T15:34:16","date_gmt":"2022-02-21T14:34:16","guid":{"rendered":"https:\/\/trykot.com\/?post_type=product&#038;p=50701"},"modified":"2026-03-16T13:43:09","modified_gmt":"2026-03-16T12:43:09","slug":"duza-torba-z-noszy-wojskowych","status":"publish","type":"product","link":"https:\/\/trykot.com\/index.php\/produkt\/duza-torba-z-noszy-wojskowych\/","title":{"rendered":"Du\u017ca torba z noszy wojskowych"},"content":{"rendered":"","protected":false},"excerpt":{"rendered":"<p>Torba zosta\u0142a uszyta z noszy wojskowych u\u017cywanych w latach 70-tych XX wieku, tkanina: wodoodporny brezent. Torba posiada zachowane oryginalne elementy takie jak okucia, przetarcia czy elementy graficzne. Bardzo wytrzyma\u0142a tkanina o w\u0142a\u015bciwo\u015bciach wodoszczelnych. W \u015brodku torby bawe\u0142niana podszewka i praktyczna kieszonka na suwak, ca\u0142o\u015b\u0107 zapinana na suwak. Uszy wykonane z ta\u015bmy wojskowej. Boki regulowane przy pomocy ta\u015bmy no\u015bnej oraz regulowany i odpinany d\u0142ugi pasek do noszenia torby na ukos lub na ramieniu.<br \/>\nTkanina &#8211; wojskowy brezent wodoodporny.<br \/>\nWymiary (mog\u0105 si\u0119 r\u00f3\u017cni\u0107 w zale\u017cno\u015bci od egzemplarza) dno torby: 20x45cm, wysoko\u015b\u0107 38cm, szeroko\u015b\u0107 g\u00f3rnej kraw\u0119dzi 60 cm, d\u0142ugo\u015b\u0107 uszu ok. 65cm.<\/p>\n<p>Torba gotowa do wysy\u0142ki w 4 dni robocze<\/p>\n<p>Najni\u017csza cena z ostatnich 30 dni to 369z\u0142<\/p>\n","protected":false},"featured_media":50721,"template":"","meta":{"_et_pb_use_builder":"","_et_pb_old_content":"","_et_gb_content_width":""},"product_brand":[],"product_cat":[24],"product_tag":[],"class_list":{"0":"post-50701","1":"product","2":"type-product","3":"status-publish","4":"has-post-thumbnail","6":"product_cat-torby","8":"first","9":"instock","10":"shipping-taxable","11":"purchasable","12":"product-type-simple"},"_links":{"self":[{"href":"https:\/\/trykot.com\/index.php\/wp-json\/wp\/v2\/product\/50701","targetHints":{"allow":["GET"]}}],"collection":[{"href":"https:\/\/trykot.com\/index.php\/wp-json\/wp\/v2\/product"}],"about":[{"href":"https:\/\/trykot.com\/index.php\/wp-json\/wp\/v2\/types\/product"}],"wp:featuredmedia":[{"embeddable":true,"href":"https:\/\/trykot.com\/index.php\/wp-json\/wp\/v2\/media\/50721"}],"wp:attachment":[{"href":"https:\/\/trykot.com\/index.php\/wp-json\/wp\/v2\/media?parent=50701"}],"wp:term":[{"taxonomy":"product_brand","embeddable":true,"href":"https:\/\/trykot.com\/index.php\/wp-json\/wp\/v2\/product_brand?post=50701"},{"taxonomy":"product_cat","embeddable":true,"href":"https:\/\/trykot.com\/index.php\/wp-json\/wp\/v2\/product_cat?post=50701"},{"taxonomy":"product_tag","embeddable":true,"href":"https:\/\/trykot.com\/index.php\/wp-json\/wp\/v2\/product_tag?post=50701"}],"curies":[{"name":"wp","href":"https:\/\/api.w.org\/{rel}","templated":true}]}}