{"id":50803,"date":"2022-03-29T10:32:50","date_gmt":"2022-03-29T08:32:50","guid":{"rendered":"https:\/\/trykot.com\/?post_type=product&#038;p=50803"},"modified":"2023-06-24T20:29:28","modified_gmt":"2023-06-24T18:29:28","slug":"torba-z-worka-po-kawie","status":"publish","type":"product","link":"https:\/\/trykot.com\/index.php\/produkt\/torba-z-worka-po-kawie\/","title":{"rendered":"Torba z worka po kawie"},"content":{"rendered":"","protected":false},"excerpt":{"rendered":"<p>Torba z worka z juty, w kt\u00f3rym w\u0142oska kawa przyp\u0142ywa do Polski. Ka\u017cdy egzemplarz jest unikalny, wykonany r\u0119cznie. W \u015brodku torby czarna bawe\u0142niana podszewka i praktyczna kieszonka na suwak, ca\u0142o\u015b\u0107 zapinana zamkiem magnetycznym. Uszy wykonane z naturalnej sk\u00f3ry r\u0119cznie barwionej.<br \/>\nWymiary 50x50cm, d\u0142ugo\u015b\u0107 uszu 65cm<\/p>\n<p>Produkt gotowy do wysy\u0142ki w 4 dni robocze<\/p>\n","protected":false},"featured_media":50829,"template":"","meta":{"_et_pb_use_builder":"","_et_pb_old_content":"","_et_gb_content_width":""},"product_brand":[],"product_cat":[24],"product_tag":[],"class_list":{"0":"post-50803","1":"product","2":"type-product","3":"status-publish","4":"has-post-thumbnail","6":"product_cat-torby","8":"first","9":"outofstock","10":"shipping-taxable","11":"purchasable","12":"product-type-simple"},"_links":{"self":[{"href":"https:\/\/trykot.com\/index.php\/wp-json\/wp\/v2\/product\/50803","targetHints":{"allow":["GET"]}}],"collection":[{"href":"https:\/\/trykot.com\/index.php\/wp-json\/wp\/v2\/product"}],"about":[{"href":"https:\/\/trykot.com\/index.php\/wp-json\/wp\/v2\/types\/product"}],"wp:featuredmedia":[{"embeddable":true,"href":"https:\/\/trykot.com\/index.php\/wp-json\/wp\/v2\/media\/50829"}],"wp:attachment":[{"href":"https:\/\/trykot.com\/index.php\/wp-json\/wp\/v2\/media?parent=50803"}],"wp:term":[{"taxonomy":"product_brand","embeddable":true,"href":"https:\/\/trykot.com\/index.php\/wp-json\/wp\/v2\/product_brand?post=50803"},{"taxonomy":"product_cat","embeddable":true,"href":"https:\/\/trykot.com\/index.php\/wp-json\/wp\/v2\/product_cat?post=50803"},{"taxonomy":"product_tag","embeddable":true,"href":"https:\/\/trykot.com\/index.php\/wp-json\/wp\/v2\/product_tag?post=50803"}],"curies":[{"name":"wp","href":"https:\/\/api.w.org\/{rel}","templated":true}]}}