{"id":51505,"date":"2023-05-17T00:26:42","date_gmt":"2023-05-16T22:26:42","guid":{"rendered":"https:\/\/trykot.com\/?post_type=product&#038;p=51505"},"modified":"2026-04-02T15:40:07","modified_gmt":"2026-04-02T13:40:07","slug":"mala-nerka-z-plaszcza-skorzanego","status":"publish","type":"product","link":"https:\/\/trykot.com\/index.php\/produkt\/mala-nerka-z-plaszcza-skorzanego\/","title":{"rendered":"Ma\u0142a sk\u00f3rzana nerka z p\u0142aszcza sk\u00f3rzanego &#8211; czarna"},"content":{"rendered":"","protected":false},"excerpt":{"rendered":"<p>Saszetka wykonana z fragmentu zu\u017cytego, sk\u00f3rzanego p\u0142aszcza. Uszyta r\u0119cznie przez kaletnika z zachowaniem oryginalnych element\u00f3w p\u0142aszcza takich jak kieszenie, przeszycia, detale.<br \/>\nW \u015brodku saszetki bawe\u0142niana podszewka i praktyczna kieszonka na suwak. Regulowany pasek ta\u015bmy bawe\u0142nianej 3cm z elementami sk\u00f3ry, pasek zapinany na karabi\u0144czyk. Wykorzystano metalowe okucia oraz suwaki i elementy ze sk\u00f3ry z odzysku &#8211; upcykling.<br \/>\nWymiary: 22x16x9cm, obw\u00f3d 80-110cm<\/p>\n<p>Produkt z recyklingu, zdj\u0119cia maj\u0105 charakter pogl\u0105dowy: detale, kolor, faktura tkaniny mog\u0105 si\u0119 r\u00f3\u017cni\u0107 w stosunku do zamieszczonych zdj\u0119\u0107 produktu.<\/p>\n<p>Mo\u017cliwe r\u00f3\u017cne elementy wyko\u0144czenia: kolor element\u00f3w metalowych, kolor podszewki, rodzaj pask\u00f3w \u2013 chcesz co\u015b innego? Napisz do nas!<\/p>\n<p>Torba gotowa do wysy\u0142ki w 15 dni robocze<\/p>\n<p>&nbsp;<\/p>\n","protected":false},"featured_media":51512,"template":"","meta":{"_et_pb_use_builder":"off","_et_pb_old_content":"","_et_gb_content_width":""},"product_brand":[],"product_cat":[26,34,24],"product_tag":[],"class_list":{"0":"post-51505","1":"product","2":"type-product","3":"status-publish","4":"has-post-thumbnail","6":"product_cat-akcesoria","7":"product_cat-nerki","8":"product_cat-torby","10":"first","11":"outofstock","12":"shipping-taxable","13":"purchasable","14":"product-type-simple"},"_links":{"self":[{"href":"https:\/\/trykot.com\/index.php\/wp-json\/wp\/v2\/product\/51505","targetHints":{"allow":["GET"]}}],"collection":[{"href":"https:\/\/trykot.com\/index.php\/wp-json\/wp\/v2\/product"}],"about":[{"href":"https:\/\/trykot.com\/index.php\/wp-json\/wp\/v2\/types\/product"}],"wp:featuredmedia":[{"embeddable":true,"href":"https:\/\/trykot.com\/index.php\/wp-json\/wp\/v2\/media\/51512"}],"wp:attachment":[{"href":"https:\/\/trykot.com\/index.php\/wp-json\/wp\/v2\/media?parent=51505"}],"wp:term":[{"taxonomy":"product_brand","embeddable":true,"href":"https:\/\/trykot.com\/index.php\/wp-json\/wp\/v2\/product_brand?post=51505"},{"taxonomy":"product_cat","embeddable":true,"href":"https:\/\/trykot.com\/index.php\/wp-json\/wp\/v2\/product_cat?post=51505"},{"taxonomy":"product_tag","embeddable":true,"href":"https:\/\/trykot.com\/index.php\/wp-json\/wp\/v2\/product_tag?post=51505"}],"curies":[{"name":"wp","href":"https:\/\/api.w.org\/{rel}","templated":true}]}}