{"id":51662,"date":"2023-06-22T15:24:13","date_gmt":"2023-06-22T13:24:13","guid":{"rendered":"https:\/\/trykot.com\/?post_type=product&#038;p=51662"},"modified":"2025-10-04T14:40:25","modified_gmt":"2025-10-04T12:40:25","slug":"koszyk-plazowy-z-worka-po-kawie","status":"publish","type":"product","link":"https:\/\/trykot.com\/index.php\/produkt\/koszyk-plazowy-z-worka-po-kawie\/","title":{"rendered":"Koszyk pla\u017cowy z worka po kawie"},"content":{"rendered":"<p>Koszyk uszyty z worka jutowego s\u0142u\u017c\u0105cego do transportu ziaren kawy do Polski &#8211; recykling. Koszyk jest pojemny, wytrzyma\u0142y i wielokolorowy dzi\u0119ki grafice znajduj\u0105cej si\u0119 na jutowym worku. Wn\u0119trze torby wy\u015bcie\u0142a czarna, bawe\u0142niana podszewka z dzielon\u0105 kieszeni\u0105 na telefon czy portfel. Uszy z mocnej ta\u015bmy bawe\u0142nianej.<\/p>\n<p>Produkt wykonany r\u0119cznie z wt\u00f3rnie przetworzonych materia\u0142\u00f3w &#8211; produkt finalny mo\u017ce nieznacznie odbiega\u0107 wygl\u0105dem od prezentowanych zdj\u0119\u0107. Grafiki na torbie mog\u0105 si\u0119 r\u00f3\u017cni\u0107 od tych zamieszczonych na zdj\u0119ciach.<\/p>\n<p>Wymiary: Dno 14x46cm, wysoko\u015b\u0107 35cm, szeroko\u015b\u0107 g\u00f3ra 60cm, uszy 65cm<br \/>\nNajni\u017csza cena z ostatnich 30 dni to 229z\u0142<\/p>\n","protected":false},"excerpt":{"rendered":"<p>Koszyk uszyty z worka jutowego s\u0142u\u017c\u0105cego do transportu ziaren kawy do Polski &#8211; recykling. Koszyk jest pojemny, wytrzyma\u0142y i wielokolorowy dzi\u0119ki grafice znajduj\u0105cej si\u0119 na jutowym worku. Wn\u0119trze torby wy\u015bcie\u0142a czarna, bawe\u0142niana podszewka z dzielon\u0105 kieszeni\u0105 na telefon czy portfel. Uszy z mocnej ta\u015bmy bawe\u0142nianej.<\/p>\n<p>Produkt wykonany r\u0119cznie z wt\u00f3rnie przetworzonych materia\u0142\u00f3w &#8211; produkt finalny mo\u017ce nieznacznie odbiega\u0107 wygl\u0105dem od prezentowanych zdj\u0119\u0107.<\/p>\n<p>Wymiary: Dno 14x46cm, wysoko\u015b\u0107 35cm, szeroko\u015b\u0107 g\u00f3ra 60cm, uszy 65cm<br \/>\nNajni\u017csza cena z ostatnich 30 dni to 229z\u0142<\/p>\n","protected":false},"featured_media":51862,"template":"","meta":{"_et_pb_use_builder":"","_et_pb_old_content":"","_et_gb_content_width":""},"product_brand":[],"product_cat":[26,24],"product_tag":[],"class_list":{"0":"post-51662","1":"product","2":"type-product","3":"status-publish","4":"has-post-thumbnail","6":"product_cat-akcesoria","7":"product_cat-torby","9":"first","10":"outofstock","11":"shipping-taxable","12":"purchasable","13":"product-type-simple"},"_links":{"self":[{"href":"https:\/\/trykot.com\/index.php\/wp-json\/wp\/v2\/product\/51662","targetHints":{"allow":["GET"]}}],"collection":[{"href":"https:\/\/trykot.com\/index.php\/wp-json\/wp\/v2\/product"}],"about":[{"href":"https:\/\/trykot.com\/index.php\/wp-json\/wp\/v2\/types\/product"}],"wp:featuredmedia":[{"embeddable":true,"href":"https:\/\/trykot.com\/index.php\/wp-json\/wp\/v2\/media\/51862"}],"wp:attachment":[{"href":"https:\/\/trykot.com\/index.php\/wp-json\/wp\/v2\/media?parent=51662"}],"wp:term":[{"taxonomy":"product_brand","embeddable":true,"href":"https:\/\/trykot.com\/index.php\/wp-json\/wp\/v2\/product_brand?post=51662"},{"taxonomy":"product_cat","embeddable":true,"href":"https:\/\/trykot.com\/index.php\/wp-json\/wp\/v2\/product_cat?post=51662"},{"taxonomy":"product_tag","embeddable":true,"href":"https:\/\/trykot.com\/index.php\/wp-json\/wp\/v2\/product_tag?post=51662"}],"curies":[{"name":"wp","href":"https:\/\/api.w.org\/{rel}","templated":true}]}}

Koszyk plażowy z worka po kawie

<p>Koszyk uszyty z worka jutowego służącego do transportu ziaren kawy do Polski &#8211; recykling. Koszyk jest pojemny, wytrzymały i wielokolorowy dzięki grafice znajdującej się na jutowym worku. Wnętrze torby wyścieła czarna, bawełniana podszewka z dzieloną kieszenią na telefon czy portfel. Uszy z mocnej taśmy bawełnianej.</p>
<p>Produkt wykonany ręcznie z wtórnie przetworzonych materiałów &#8211; produkt finalny może nieznacznie odbiegać wyglądem od prezentowanych zdjęć. Grafiki na torbie mogą się różnić od tych zamieszczonych na zdjęciach.</p>
<p>Wymiary: Dno 14x46cm, wysokość 35cm, szerokość góra 60cm, uszy 65cm<br />
Najniższa cena z ostatnich 30 dni to 229zł</p>

<p>Koszyk uszyty z worka jutowego służącego do transportu ziaren kawy do Polski &#8211; recykling. Koszyk jest pojemny, wytrzymały i wielokolorowy dzięki grafice znajdującej się na jutowym worku. Wnętrze torby wyścieła czarna, bawełniana podszewka z dzieloną kieszenią na telefon czy portfel. Uszy z mocnej taśmy bawełnianej.</p>
<p>Produkt wykonany ręcznie z wtórnie przetworzonych materiałów &#8211; produkt finalny może nieznacznie odbiegać wyglądem od prezentowanych zdjęć.</p>
<p>Wymiary: Dno 14x46cm, wysokość 35cm, szerokość góra 60cm, uszy 65cm<br />
Najniższa cena z ostatnich 30 dni to 229zł</p>
