{"id":53473,"date":"2024-02-16T14:40:26","date_gmt":"2024-02-16T13:40:26","guid":{"rendered":"https:\/\/trykot.com\/?post_type=product&#038;p=53473"},"modified":"2024-10-25T15:46:43","modified_gmt":"2024-10-25T13:46:43","slug":"torebka-bagietka-z-brezentu-wojskowego","status":"publish","type":"product","link":"https:\/\/trykot.com\/index.php\/produkt\/torebka-bagietka-z-brezentu-wojskowego\/","title":{"rendered":"Torebka-bagietka z brezentu wojskowego"},"content":{"rendered":"<p>Usztywniana, elegancka torebka zapinana na klips uszyta z brezentu wojskowego z noszy wojskowych. W \u015brodku czarna, bawe\u0142niana podszewka z kieszonk\u0105. Torebka mam dwa wymienne paski: regulowany, sk\u00f3rzany pasek z klamerk\u0105 oraz \u0142a\u0144cuszek na karabi\u0144czykach.<\/p>\n<p>Wym: 22x12x6cm W zestawie regulowany pasek ze sk\u00f3ry o d\u0142ugo\u015bci\u00a0 117-138cm oraz regulowany \u0142a\u0144cuszek na karabi\u0144czykach o d\u0142ugo\u015bci 120cm.<\/p>\n<p>Produkt gotowy do wysy\u0142ki w max 7 dni roboczych<\/p>\n","protected":false},"excerpt":{"rendered":"<p>Usztywniana, elegancka torebka zapinana na klips uszyta z brezentu wojskowego z noszy wojskowych. W \u015brodku czarna, bawe\u0142niana podszewka z kieszonk\u0105. Torebka mam dwa wymienne paski: regulowany, sk\u00f3rzany pasek z klamerk\u0105 oraz \u0142a\u0144cuszek na karabi\u0144czykach. Wym: 22x12x6cm W zestawie regulowany pasek ze sk\u00f3ry o d\u0142ugo\u015bci\u00a0 117-138cm oraz regulowany \u0142a\u0144cuszek na karabi\u0144czykach o d\u0142ugo\u015bci 120cm. Produkt gotowy [&hellip;]<\/p>\n","protected":false},"featured_media":53476,"template":"","meta":{"_et_pb_use_builder":"","_et_pb_old_content":"","_et_gb_content_width":""},"product_brand":[],"product_cat":[24,27],"product_tag":[],"class_list":{"0":"post-53473","1":"product","2":"type-product","3":"status-publish","4":"has-post-thumbnail","6":"product_cat-torby","7":"product_cat-unikaty","9":"first","10":"outofstock","11":"shipping-taxable","12":"purchasable","13":"product-type-simple"},"_links":{"self":[{"href":"https:\/\/trykot.com\/index.php\/wp-json\/wp\/v2\/product\/53473","targetHints":{"allow":["GET"]}}],"collection":[{"href":"https:\/\/trykot.com\/index.php\/wp-json\/wp\/v2\/product"}],"about":[{"href":"https:\/\/trykot.com\/index.php\/wp-json\/wp\/v2\/types\/product"}],"wp:featuredmedia":[{"embeddable":true,"href":"https:\/\/trykot.com\/index.php\/wp-json\/wp\/v2\/media\/53476"}],"wp:attachment":[{"href":"https:\/\/trykot.com\/index.php\/wp-json\/wp\/v2\/media?parent=53473"}],"wp:term":[{"taxonomy":"product_brand","embeddable":true,"href":"https:\/\/trykot.com\/index.php\/wp-json\/wp\/v2\/product_brand?post=53473"},{"taxonomy":"product_cat","embeddable":true,"href":"https:\/\/trykot.com\/index.php\/wp-json\/wp\/v2\/product_cat?post=53473"},{"taxonomy":"product_tag","embeddable":true,"href":"https:\/\/trykot.com\/index.php\/wp-json\/wp\/v2\/product_tag?post=53473"}],"curies":[{"name":"wp","href":"https:\/\/api.w.org\/{rel}","templated":true}]}}