{"id":54356,"date":"2026-04-14T22:45:48","date_gmt":"2026-04-14T20:45:48","guid":{"rendered":"https:\/\/trykot.com\/?post_type=product&#038;p=54356"},"modified":"2026-04-15T19:15:24","modified_gmt":"2026-04-15T17:15:24","slug":"nerka-xxl-skorzana-z-plaszcza-skorzanego-czarna","status":"publish","type":"product","link":"https:\/\/trykot.com\/index.php\/produkt\/nerka-xxl-skorzana-z-plaszcza-skorzanego-czarna\/","title":{"rendered":"Nerka XXL z p\u0142aszcza sk\u00f3rzanego &#8211; czarna"},"content":{"rendered":"","protected":false},"excerpt":{"rendered":"<p>Du\u017ca nerka wykonana z fragmentu zu\u017cytego, czarnego, sk\u00f3rzanego p\u0142aszcza. Uszyta r\u0119cznie przez kaletnika z zachowaniem oryginalnych element\u00f3w p\u0142aszcza takich jak kieszenie, przeszycia, detale.<br \/>\nW \u015brodku kolorowa podszewka i du\u017ca, praktyczna kieszonka na suwak oraz otwarta, niewielka kieszonka na klucze lub monety. Regulowany pasek ze sk\u00f3ry o grubo\u015bci 3cm, zapinany na k\u00f3\u0142ko i karabi\u0144czyk. Wykorzystano metalowe okucia oraz suwaki i elementy ze sk\u00f3ry z odzysku &#8211; upcykling.<br \/>\nMo\u017cna j\u0105 nosi\u0107 w pasie, na ramieniu b\u0105d\u017a na ukos przez cia\u0142o. Jest pojemna, mimo du\u017cego rozmiaru wygodna i ekologiczna, bo wykonana ze sk\u00f3ry z drugiej r\u0119ki.<br \/>\nWymiary: 43x29x13cm, obw\u00f3d 85-140cm<\/p>\n<p>Produkt gotowy do wysy\u0142ki w max 7 dni roboczych<\/p>\n","protected":false},"featured_media":51253,"template":"","meta":{"_et_pb_use_builder":"off","_et_pb_old_content":"","_et_gb_content_width":""},"product_brand":[],"product_cat":[26,34,24],"product_tag":[],"class_list":{"0":"post-54356","1":"product","2":"type-product","3":"status-publish","4":"has-post-thumbnail","6":"product_cat-akcesoria","7":"product_cat-nerki","8":"product_cat-torby","10":"first","11":"instock","12":"shipping-taxable","13":"purchasable","14":"product-type-simple"},"_links":{"self":[{"href":"https:\/\/trykot.com\/index.php\/wp-json\/wp\/v2\/product\/54356","targetHints":{"allow":["GET"]}}],"collection":[{"href":"https:\/\/trykot.com\/index.php\/wp-json\/wp\/v2\/product"}],"about":[{"href":"https:\/\/trykot.com\/index.php\/wp-json\/wp\/v2\/types\/product"}],"wp:featuredmedia":[{"embeddable":true,"href":"https:\/\/trykot.com\/index.php\/wp-json\/wp\/v2\/media\/51253"}],"wp:attachment":[{"href":"https:\/\/trykot.com\/index.php\/wp-json\/wp\/v2\/media?parent=54356"}],"wp:term":[{"taxonomy":"product_brand","embeddable":true,"href":"https:\/\/trykot.com\/index.php\/wp-json\/wp\/v2\/product_brand?post=54356"},{"taxonomy":"product_cat","embeddable":true,"href":"https:\/\/trykot.com\/index.php\/wp-json\/wp\/v2\/product_cat?post=54356"},{"taxonomy":"product_tag","embeddable":true,"href":"https:\/\/trykot.com\/index.php\/wp-json\/wp\/v2\/product_tag?post=54356"}],"curies":[{"name":"wp","href":"https:\/\/api.w.org\/{rel}","templated":true}]}}