{"id":54388,"date":"2026-04-29T18:26:59","date_gmt":"2026-04-29T16:26:59","guid":{"rendered":"https:\/\/trykot.com\/?post_type=product&#038;p=54388"},"modified":"2026-04-29T18:53:50","modified_gmt":"2026-04-29T16:53:50","slug":"czerwona-kurtka-z-gwiazdami","status":"publish","type":"product","link":"https:\/\/trykot.com\/index.php\/produkt\/czerwona-kurtka-z-gwiazdami\/","title":{"rendered":"Czerwona kurtka z gwiazdami"},"content":{"rendered":"<p>Kurtka z gwiazdami zachwyca unikalnym upcyklingowym designem: na klasycznej, retro powierzchni naszyto z\u0142ote sk\u00f3rzane gwiazdki, kt\u00f3re dodaj\u0105 blasku i rockowego charakteru. \u015awiat retro spotyka si\u0119 tu z nowoczesnym lookiem \u2013 dla tych, co ceni\u0105 \u015bwiadome, modowe wybory.<\/p>\n<p>Ka\u017cdy detal jest dopracowany: od mi\u0119kko\u015bci naturalnej sk\u00f3ry po staranne wyko\u0144czenie, co \u015bwiadczy o rzemie\u015blniczym podej\u015bciu do upcyklingu. Idealna do lu\u017anych stylizacji \u2013 zar\u00f3wno eleganckich, jak i codziennych, miejskich outfit\u00f3w.<\/p>\n<p>Dzi\u0119ki materia\u0142owi z drugiego obiegu, ka\u017cda sztuka jest unikatowa \u2013 delikatne niedoskona\u0142o\u015bci faktury podkre\u015blaj\u0105 jej histori\u0119 i autentyczno\u015b\u0107. To nie tylko kurtka, ale manifest zr\u00f3wnowa\u017conej mody!<\/p>\n<p>Wymiary:<\/p>\n<p>Szeroko\u015b\u0107 (od pachy do pachy): 50cm<br \/>\nD\u0142ugo\u015b\u0107 ca\u0142kowita 53cm<br \/>\nD\u0142ugo\u015b\u0107 r\u0119kawa: 57cm<\/p>\n<p>Tylko jeden egzemplarz! Gotowy do wysy\u0142ki w 3 dni robocze. <\/p>\n","protected":false},"excerpt":{"rendered":"<p>Kurtka z gwiazdami zachwyca unikalnym upcyklingowym designem: na klasycznej, retro powierzchni naszyto z\u0142ote sk\u00f3rzane gwiazdki, kt\u00f3re dodaj\u0105 blasku i rockowego charakteru. \u015awiat retro spotyka si\u0119 tu z nowoczesnym lookiem \u2013 dla tych, co ceni\u0105 \u015bwiadome, modowe wybory. Ka\u017cdy detal jest dopracowany: od mi\u0119kko\u015bci naturalnej sk\u00f3ry po staranne wyko\u0144czenie, co \u015bwiadczy o rzemie\u015blniczym podej\u015bciu do upcyklingu. [&hellip;]<\/p>\n","protected":false},"featured_media":54385,"template":"","meta":{"_et_pb_use_builder":"","_et_pb_old_content":"","_et_gb_content_width":""},"product_brand":[],"product_cat":[88,27],"product_tag":[],"class_list":{"0":"post-54388","1":"product","2":"type-product","3":"status-publish","4":"has-post-thumbnail","6":"product_cat-kurtki","7":"product_cat-unikaty","9":"first","10":"instock","11":"shipping-taxable","12":"purchasable","13":"product-type-simple"},"_links":{"self":[{"href":"https:\/\/trykot.com\/index.php\/wp-json\/wp\/v2\/product\/54388","targetHints":{"allow":["GET"]}}],"collection":[{"href":"https:\/\/trykot.com\/index.php\/wp-json\/wp\/v2\/product"}],"about":[{"href":"https:\/\/trykot.com\/index.php\/wp-json\/wp\/v2\/types\/product"}],"wp:featuredmedia":[{"embeddable":true,"href":"https:\/\/trykot.com\/index.php\/wp-json\/wp\/v2\/media\/54385"}],"wp:attachment":[{"href":"https:\/\/trykot.com\/index.php\/wp-json\/wp\/v2\/media?parent=54388"}],"wp:term":[{"taxonomy":"product_brand","embeddable":true,"href":"https:\/\/trykot.com\/index.php\/wp-json\/wp\/v2\/product_brand?post=54388"},{"taxonomy":"product_cat","embeddable":true,"href":"https:\/\/trykot.com\/index.php\/wp-json\/wp\/v2\/product_cat?post=54388"},{"taxonomy":"product_tag","embeddable":true,"href":"https:\/\/trykot.com\/index.php\/wp-json\/wp\/v2\/product_tag?post=54388"}],"curies":[{"name":"wp","href":"https:\/\/api.w.org\/{rel}","templated":true}]}}

<p>Kurtka z gwiazdami zachwyca unikalnym upcyklingowym designem: na klasycznej, retro powierzchni naszyto złote skórzane gwiazdki, które dodają blasku i rockowego charakteru. Świat retro spotyka się tu z nowoczesnym lookiem – dla tych, co cenią świadome, modowe wybory.</p>
<p>Każdy detal jest dopracowany: od miękkości naturalnej skóry po staranne wykończenie, co świadczy o rzemieślniczym podejściu do upcyklingu. Idealna do luźnych stylizacji – zarówno eleganckich, jak i codziennych, miejskich outfitów.</p>
<p>Dzięki materiałowi z drugiego obiegu, każda sztuka jest unikatowa – delikatne niedoskonałości faktury podkreślają jej historię i autentyczność. To nie tylko kurtka, ale manifest zrównoważonej mody!</p>
<p>Wymiary:</p>
<p>Szerokość (od pachy do pachy): 50cm<br />
Długość całkowita 53cm<br />
Długość rękawa: 57cm</p>
<p>Tylko jeden egzemplarz! Gotowy do wysyłki w 3 dni robocze. </p>

<p>Kurtka z gwiazdami zachwyca unikalnym upcyklingowym designem: na klasycznej, retro powierzchni naszyto złote skórzane gwiazdki, które dodają blasku i rockowego charakteru. Świat retro spotyka się tu z nowoczesnym lookiem – dla tych, co cenią świadome, modowe wybory. Każdy detal jest dopracowany: od miękkości naturalnej skóry po staranne wykończenie, co świadczy o rzemieślniczym podejściu do upcyklingu. [&hellip;]</p>
